9105.
495
What is the greatest common divisor of 1007 and 249825623?
1007
Calculate the greatest common factor of 58857006 and 78.
78
Calculate the greatest common divisor of 10994 and 470352.
478
Calculate the greatest common divisor of 15577 and 116143.
37
Calculate the highest common factor of 8683951 and 10523.
619
What is the highest common divisor of 485 and 655965410?
485
Calculate the highest common factor of 65248 and 51935369.
2039
Calculate the highest common divisor of 14647 and 2425.
97
Calculate the highest common factor of 1750 and 54760125.
875
Calculate the greatest common divisor of 59040 and 13540.
20
What is the greatest common factor of 6893020 and 19740?
940
What is the greatest common factor of 11376 and 28656?
144
What is the highest common factor of 6236202 and 91686?
1554
Calculate the highest common divisor of 301 and 3423875.
301
What is the greatest common factor of 10608 and 621758748?
2652
What is the greatest common divisor of 191965725 and 12600?
1575
Calculate the highest common divisor of 176 and 295440.
16
Calculate the highest common divisor of 144142080 and 192.
192
Calculate the greatest common factor of 136 and 400168.
8
What is the greatest common divisor of 5109125 and 14875?
875
Calculate the greatest common factor of 3007962 and 14734.
106
Calculate the greatest common factor of 80668 and 21371.
301
Calculate the highest common divisor of 4354008 and 645.
129
What is the highest common factor of 11 and 1625932?
11
What is the highest common divisor of 1168 and 830?
2
What is the highest common factor of 1386 and 7235718?
42
Calculate the highest common divisor of 104533059 and 5367.
5367
Calculate the highest common factor of 167627514 and 1734.
1734
What is the greatest common factor of 45657969 and 9348?
2337
Calculate the highest common factor of 25504 and 13728.
32
What is the greatest common divisor of 20577 and 9876238?
361
Calculate the greatest common divisor of 39450 and 257250.
150
Calculate the highest common divisor of 81237684 and 660.
132
Calculate the highest common factor of 2442524676 and 5433.
5433
What is the greatest common divisor of 209 and 958529?
11
What is the greatest common divisor of 503336272 and 1156?
1156
Calculate the greatest common factor of 1586 and 8989082.
122
Calculate the highest common divisor of 5562 and 23530968.
1854
Calculate the greatest common factor of 823815 and 1035.
45
What is the highest common divisor of 29342 and 18297326?
1726
What is the highest common factor of 1320684 and 119634?
942
Calculate the greatest common divisor of 4938 and 159527028.
4938
What is the highest common divisor of 13663 and 1063612?
1051
Calculate the greatest common divisor of 5708 and 214050.
2854
What is the greatest common factor of 981 and 8043001?
109
Calculate the highest common factor of 33718 and 7406.
46
What is the greatest common factor of 133031339 and 3161?
109
What is the greatest common divisor of 41091 and 1461?
3
What is the highest common divisor of 142 and 611608058?
142
What is the highest common divisor of 24577 and 115171333?
3511
What is the highest common factor of 1464 and 959469?
183
What is the greatest common divisor of 2499 and 30630684?
147
What is the greatest common factor of 9 and 11733096?
3
Calculate the highest common factor of 698747 and 731059.
4039
What is the greatest common divisor of 3432 and 955032?
312
What is the highest common divisor of 14991704 and 560?
56
What is the greatest common factor of 805 and 29925?
35
Calculate the highest common factor of 1134 and 736162.
14
What is the greatest common factor of 1904 and 460980296?
952
Calculate the greatest common divisor of 4244225 and 50.
25
Calculate the highest common factor of 1878 and 351814191.
939
What is the greatest common divisor of 5123346 and 30846?
582
Calculate the greatest common factor of 952763 and 6943.
131
Calculate the greatest common factor of 2617008908 and 184.
92
What is the highest common factor of 358080567 and 39?
39
What is the highest common divisor of 113879605 and 10?
5
Calculate the highest common divisor of 282 and 6415878.
6
Calculate the greatest common factor of 3239782 and 59878.
1274
Calculate the greatest common factor of 4794 and 2513654.
1598
Calculate the greatest common factor of 3975 and 21225.
75
Calculate the greatest common divisor of 2848292 and 26946.
998
Calculate the highest common divisor of 8772 and 444.
12
Calculate the highest common divisor of 33330 and 17722672.
2222
What is the highest common factor of 5 and 452026055?
5
Calculate the greatest common divisor of 195 and 6576310.
65
Calculate the highest common divisor of 827 and 58967.
1
Calculate the highest common divisor of 5195931 and 15795.
39
Calculate the highest common factor of 3060 and 3042456.
204
What is the highest common divisor of 1503 and 589710567?
501
What is the highest common divisor of 4365 and 22292055?
4365
Calculate the greatest common factor of 57776 and 187036.
92
What is the highest common factor of 393339506 and 238?
238
What is the greatest common divisor of 20843 and 5556305?
1097
Calculate the greatest common divisor of 3 and 13399266.
3
Calculate the highest common divisor of 9320245 and 4268.
1067
What is the greatest common divisor of 1577 and 1089790?
83
What is the greatest common factor of 564 and 623908?
4
Calculate the greatest common divisor of 1139 and 2517391.
67
What is the greatest common factor of 2571075 and 51675?
975
Calculate the highest common divisor of 56 and 5772410.
14
Calculate the highest common factor of 16770 and 1396941.
1677
Calculate the greatest common divisor of 1144 and 17313912.
88
Calculate the greatest common divisor of 27758610 and 1980.
990
Calculate the greatest common factor of 25 and 39482425.
25
Calculate the highest common divisor of 60048529 and 97.
97
Calculate the greatest common factor of 27860 and 5446.
14
Calculate the highest common divisor of 4730336 and 2912.
416
What is the greatest common factor of 49195 and 11405?
5
Calculate the highest common factor of 78586488 and 4216.
248
Calculate the greatest common divisor of 12723290 and 60.
10
Calculate the greatest common factor of 3627734 and 1625063.
6743
What is the highest common factor of 6205415 and 94530?
685
What is the greatest common divisor of 1190 and 1615850?
170
Calculate the greatest common divisor of 6472 and 3854.
2
Calculate the greatest common divisor of 22 and 78325731.
11
Calculate the greatest common factor of 2884 and 51381962.
206
Calculate the highest common divisor of 2466360 and 4340.
620
Calculate the highest common factor of 86463 and 78.
39
What is the greatest common divisor of 16416 and 744363?
513
Calculate the highest common factor of 120627 and 541275.
3093
Calculate the greatest common divisor of 609826039 and 13102.
6551
What is the highest common factor of 180 and 633462660?
180
Calculate the greatest common divisor of 30530295 and 36.
9
Calculate the highest common factor of 64824 and 283420.
148
What is the highest common factor of 487320 and 5520?
120
Calculate the highest common divisor of 30 and 163514030.
10
Calculate the greatest common factor of 4811 and 1972.
17
What is the highest common factor of 21 and 259081788?
21
What is the highest common divisor of 72578 and 30535544?
6598
What is the greatest common factor of 506078 and 3538852?
3694
Calculate the greatest common divisor of 120 and 115535208.
24
What is the greatest common divisor of 180 and 45390?
30
Calculate the highest common factor of 150 and 58820100.
150
What is the highest common factor of 30913 and 3882022?
1627
Calculate the highest common factor of 33700 and 42325.
25
What is the greatest common factor of 14970 and 10230?
30
Calculate the highest common divisor of 4815868 and 6592.
412
Calculate the highest common divisor of 30562478 and 1234.
1234
What is the greatest common factor of 5635 and 8755?
5
Calculate the greatest common factor of 4918572 and 4.
4
What is the highest common factor of 3519 and 13922613?
207
What is the highest common factor of 3 and 1909536?
3
Calculate the highest common factor of 709978 and 7018.
58
What is the greatest common factor of 573117383 and 111?
37
Calculate the greatest common factor 